 of a.
773
Suppose -f + u = -1039, -4*u = -f - 291 + 1321. What are the prime factors of f?
2, 521
Suppose 3*n - 30 = 3*k, -5*n + 30 = -5*k + 4*k. List the prime factors of 754/5 - (k - 96/(-20)).
151
Suppose 12 = a + 4. What are the prime factors of (7 - a)/(1/(-26))?
2, 13
What are the prime factors of (-11 - -320) + (-1 - 0)?
2, 7, 11
Let x(q) = -4*q - 3. Let f be x(1). Let y be f - -54 - (0 - -2). Suppose 7*i = 6*i + y. List the prime factors of i.
3, 5
Suppose -276 = -16*p - 5108. Let b = p - -457. What are the prime factors of b?
5, 31
Suppose -14*a = -13697 + 985. List the prime factors of a.
2, 227
Suppose 3*k = -m + 2125, 0 = -4*m + 70*k - 73*k + 8455. List the prime factors of m.
2, 5, 211
Suppose 24 - 6 = 2*l - 2*p, l - 29 = 5*p. Let s(u) = -u - 2. Let c(m) = -3*m - 7. Let k(x) = 2*c(x) - 7*s(x). What are the prime factors of k(l)?
2
Let u(k) = -2*k + 2. Let l be u(-4). Suppose 0 = 5*x - l*x + 3*o + 16, 5*x - o = 22. What are the prime factors of x?
5
Suppose 0 = -4*r - 2*z + 3796, 0 = -5*r + 3*r - 5*z + 1890. What are the prime factors of r?
2, 5, 19
Suppose 2440 = v + 3*v - 5*n, -3*n = 12. Suppose 9*r = 14*r - v. What are the prime factors of r?
11
Let q be (-18)/(-5)*30/18. What are the prime factors of ((-48)/(-10))/(q + (-58)/10)?
2, 3
Let b be 6/14 - (-12)/21. List the prime factors of (10/2 - b) + 1.
5
Suppose 3*j + 2444 = 5*b, -10*b + 492 = -9*b + j. Let t = b + -307. List the prime factors of t.
3, 61
Let s = 310 - -81. What are the prime factors of s?
17, 23
Suppose -3*j + 49 = 4*p - 98, 5*j = 25. Let k = 55 - p. What are the prime factors of k?
2, 11
Suppose -2*j + 1600 = -1116. What are the prime factors of j?
2, 7, 97
Let s(a) = -a**3 - 12*a**2 - 11*a + 8. Let w be s(-11). Let f(g) = -g**2 + 17*g - 8. What are the prime factors of f(w)?
2
Suppose 2*s = 4 + 8. Let d be (-316)/(-6)*(-99)/s. What are the prime factors of (-2)/(-8) + d/(-44)?
2, 5
Let y(f) = -f**2 + 22*f - 23. What are the prime factors of y(15)?
2, 41
Suppose -2*m = 2*m + 5*j - 767, 5*m = -2*j + 980. Let z = m + -123. What are the prime factors of z?
3, 5
Let q(o) = -o - 1. Let s(t) = 13*t - 40. Let k(v) = -3*q(v) + s(v). List the prime factors of k(5).
43
Let z(j) be the third derivative of j**6/120 - j**5/15 - j**4/12 - 2*j**3/3 + j**2. Suppose -15*p - 3*p = -90. What are the prime factors of z(p)?
11
Let c be 1287/44*(-8)/(-6). Suppose 2*p + 3*a = -0*a - 34, 0 = 2*p - 2*a + 34. Let h = c + p. List the prime factors of h.
2, 11
Let i(l) = -5*l - 15. Suppose 3*j + 0*j - 6 = 0. Suppose 0*h + 4*f + 36 = -j*h, 5*f = -20. What are the prime factors of i(h)?
5, 7
Suppose 0 = 4*u + 5 - 17. Let y = u + 0. Suppose -3*q - 61 = -y*b - 2*q, -b + 19 = -q. What are the prime factors of b?
3, 7
Suppose -f - 206 = -4*h + 837, 5*h - 3*f = 1295. List the prime factors of h.
2, 131
Suppose 4*p = 3*p + 4. Let r = 1 + 2. Suppose -68 = -p*z - r*b + 64, -3*b = z - 24. What are the prime factors of z?
2, 3
Let n = -4 - -61. Suppose -s - n = -4*v, 0*v + 39 = 2*v + 3*s. Let i = v - -9. List the prime factors of i.
2, 3
Let q be -1*1*(-1 + -6). Let g(y) = -6*y + 67 - 133 + 76 + y**2. List the prime factors of g(q).
17
Suppose -63*k - 5649 = -66*k. List the prime factors of k.
7, 269
Let y = 120 + -85. Suppose 3*m - 13 = y. Suppose -m = -6*r + 212. What are the prime factors of r?
2, 19
Suppose -3*u + 1051 = 34*b - 33*b, -3*b + 2*u = -3098. List the prime factors of b.
2, 7, 37
Suppose -23*j + 2850 = -18*j. What are the prime factors of j?
2, 3, 5, 19
Suppose -7*n + 152 = -758. List the prime factors of n.
2, 5, 13
Let r be 2*-33*(-2 - (-16)/12). Suppose 2*f = -3*n - 2*n + 81, 0 = -5*f + 15. Suppose -r + n = -z. List the prime factors of z.
29
Let q = 8 + -4. Suppose -3 = g + 2*h, -3*g - 3 = q*h - 0*h. List the prime factors of (-2 - 0)/(g/(-12)).
2
Let u = 39 - 34. Suppose -5*l = 2*t - 83, -u*t + 5*l + 0*l = -260. What are the prime factors of t?
7
Suppose 14*u = 26541 + 12421. List the prime factors of u.
11, 23
Suppose 0 = 3*x - 2*x - 5*c - 499, 475 = x + c. List the prime factors of x.
479
Suppose -4*q - 1042 = -2*k, q + 1652 = 2*k + 625. What are the prime factors of k?
7, 73
Let i(q) = 30*q - 8. Let n be i(3). List the prime factors of (n/(-6))/(12/(-36)).
41
Let m(i) = i**2 + i + 4. Let x be m(-4). Suppose -3*y + x = 4. Suppose 5*p = 5*t + 197 + 158, -5*t = y*p - 293. What are the prime factors of p?
2, 3
Let v(y) = 2*y**3 - 4*y**2 + y + 2981. What are the prime factors of v(0)?
11, 271
Let d(p) = p**3 + 4*p**2 - p. Let y be d(-4). Suppose 3*o + 26 = w + 2*o, -y*o = w - 21. What are the prime factors of w?
5
Let q(f) = -21*f + 63. What are the prime factors of q(-19)?
2, 3, 7, 11
Let g(u) = 3*u**2 - 6*u + 7. Suppose 2*s + 3*o + o - 2 = 0, -3*o = 5*s - 26. What are the prime factors of g(s)?
2, 7
Let z(n) = 120*n**2 - 28*n + 7. List the prime factors of z(4).
3, 5, 11
Let y be -3 + -1 + 15 + -3. Suppose -5*x = -y*x + 57. Let r = -7 + x. What are the prime factors of r?
2, 3
What are the prime factors of 4*(-2 + (-3 - -6)) - -1483?
1487
Suppose 0 = -3*h + 2*y + 1121, 529 = 2*h - 5*y - 233. List the prime factors of h.
7, 53
Let n = 34 + -31. Suppose -44 = -n*l + 1. What are the prime factors of l?
3, 5
Let k = 2 - -3. Suppose 20 = -k*v, -2*y + 3*v = 4*v - 180. What are the prime factors of y?
2, 23
Let h = -30 + 21. Let u(m) = m**2 + 7*m - 7. What are the prime factors of u(h)?
11
Suppose -532 - 168 = 10*c. Let q be (272/6)/(2/(-6)). Let f = c - q. What are the prime factors of f?
2, 3, 11
Let x(i) be the third derivative of i**6/30 - i**5/20 - i**4/12 - i**3/2 - 3*i**2. List the prime factors of x(3).
2, 3
Let v(b) = -b**2 - 5*b + 7. Let i be v(-6). Suppose -q + 12 = 3*u + 2*q, -2*q + 10 = 4*u. Suppose o - u = i. List the prime factors of o.
2
Let j be (-4 + 2)*30/(-12). Suppose j*a - 165 = o, -o - 63 = -0*a - 2*a. What are the prime factors of a?
2, 17
Suppose -2*i - 1166 = -3*s, -4*s - 3*i + 786 = -2*s. List the prime factors of s.
2, 3, 5, 13
Suppose -8*u + 7417 = -4615. List the prime factors of u.
2, 47
Suppose -268 + 1444 = 7*v. Suppose -z = -4*z + v. List the prime factors of z.
2, 7
Let b(w) be the second derivative of w**4/6 - 3*w**3/2 + 9*w**2/2 + 4*w. Let z be b(4). Suppose -s + 4*d = -38 - z, 2 = -d. List the prime factors of s.
5, 7
Let u = 651 + -644. List the prime factors of u.
7
Let p(w) = -4*w + 2. Suppose -25 = 4*q - 9*q. Suppose q*m = -29 + 4. What are the prime factors of p(m)?
2, 11
Let y(j) be the second derivative of -j**3/6 + j**2/2 - 7*j. Let v be y(1). Suppose -4*x + v*o - 3*o + 96 = 0, -2*x - 2*o = -46. List the prime factors of x.
3
List the prime factors of (-2)/((-2)/(-3 + 359)) + 2.
2, 179
What are the prime factors of (-4 + (-88)/(-12))/((-1)/(-144))?
2, 3, 5
Let t(u) = -u + 7. Let r be t(4). Suppose -4*x + 581 = r*d - 0*x, -3*d + 617 = -5*x. What are the prime factors of d?
199
Suppose n + 2653 = 4*b - 8283, 2*b - 5468 = -2*n. What are the prime factors of b?
2, 1367
Let y(r) = r**3 + 8*r**2 - 8*r. Let b be y(-9). List the prime factors of 2/b + (-5600)/(-90).
2, 31
Suppose 2*b = -4*q - 0*b - 26, -5*q + 2*b = 19. Let x be ((-6)/4)/(q/10). Suppose x*a - 7 = -0*n - 5*n, -a + 1 = 3*n. List the prime factors of a.
2
Suppose -8 = 2*f, 5*p - 5*f - 1534 = -279. What are the prime factors of p?
13, 19
List the prime factors of (-28)/280 + (-8831)/(-10).
883
Suppose -5*l = 35*l - 82960. List the prime factors of l.
2, 17, 61
Suppose 0 = 2*y + 5*n - 31, -2*n - 2*n = -4. Suppose -1 + y = 3*s. Suppose 3*f - s = 29. What are the prime factors of f?
11
Suppose 0 = -8*q + 3*q, -5*q - 21 = -c. Let f(a) = -a**3 - 2*a**2 - 2*a + 1. Let p be f(-2). Let w = c - p. What are the prime factors of w?
2
Suppose 773 = 10*y + 2413. Let m = y - -339. List the prime factors of m.
5, 7
Suppose 609 = 2*f + 151. What are the prime factors of f?
229
Suppose 26*x - 31740 = 75640. List the prime factors of x.
2, 5, 7, 59
Let q be 3 + -1 - (-189 + 4). Suppose 2*k = 273 + q. Suppose c + 3*c - t - 159 = 0, -5*c = 5*t - k. List the prime factors of c.
41
Suppose -6*q = -2*q. Let c be 7 + q - (7 + -4). Suppose -c = 2*w - 36. List the prime factors of w.
2
Suppose 10 = -f - 1. Let y = f + 26. List the prime factors of y/(-10) - 285/(-6).
2, 23
Suppose f - 6295 = -3*t, -5*t - 4*